n base 7, what is -24423 - -1310?
-23113
In base 8, what is -10743 - 12?
-10755
In base 11, what is -336 + -29?
-364
In base 6, what is -40 - -3533?
3453
In base 7, what is 53201 + -11?
53160
In base 14, what is -a84c + -5?
-a853
In base 4, what is 3 + 1333210303?
1333210312
In base 10, what is 100416 - -1?
100417
In base 11, what is 9 + -2666?
-2658
In base 15, what is 19e + -58?
146
In base 7, what is 134 + -1156?
-1022
In base 8, what is -3 + -377122?
-377125
In base 7, what is 1 - 1536501?
-1536500
In base 3, what is -202 + 1122011?
1121102
In base 8, what is -56045 + 0?
-56045
In base 2, what is -1100101011011010 + 101?
-1100101011010101
In base 16, what is -5 + -440?
-445
In base 10, what is -1149677 + -2?
-1149679
In base 10, what is -4264 - -19?
-4245
In base 14, what is d4b908 + 1?
d4b909
In base 12, what is -3 - -a427a?
a4277
In base 16, what is -5 - -a26bb?
a26b6
In base 9, what is -62 + 81?
18
In base 9, what is -74 + -847?
-1032
In base 8, what is 3127 - -102?
3231
In base 2, what is -10100011 - 1101111?
-100010010
In base 15, what is 3b - -747?
783
In base 16, what is -113 - 2a02?
-2b15
In base 8, what is -5 - -2671?
2664
In base 4, what is 1300133230 + -1?
1300133223
In base 14, what is -5 + -84c5?
-84ca
In base 2, what is 10000011011111010 + 111100?
10000011100110110
In base 12, what is -18a + 13a?
-50
In base 6, what is 10550 + -445?
10101
In base 7, what is 316 - -405?
1024
In base 14, what is 21b + -64?
197
In base 4, what is 22321 - 100221?
-11300
In base 8, what is 600 + -164?
414
In base 4, what is 12 - -313310011?
313310023
In base 5, what is 32220 + -14?
32201
In base 16, what is -9629 + -2?
-962b
In base 5, what is -44302413 + -3?
-44302421
In base 8, what is 1457 + -344?
1113
In base 3, what is -11 - 11022102022?
-11022102110
In base 7, what is -30 + -2635?
-2665
In base 6, what is 5 - -33110444?
33110453
In base 14, what is -3b30 - 14?
-3b44
In base 6, what is -2304310 - 1?
-2304311
In base 5, what is 11323340 - -3?
11323343
In base 7, what is -3 - -10046236?
10046233
In base 12, what is -81 + 2b9?
238
In base 8, what is 2204 - -62?
2266
In base 16, what is -171 + 3ee?
27d
In base 15, what is -4 - -603c?
6038
In base 5, what is 1414301 - 3?
1414243
In base 4, what is -21323033 - 2?
-21323101
In base 7, what is 1416 - -1231?
2650
In base 4, what is 333321 + 133?
1000120
In base 13, what is -2 + 5b35?
5b33
In base 4, what is -2013122 - 20?
-2013202
In base 6, what is 21004054 - 5?
21004045
In base 9, what is 62 - -10870?
11042
In base 5, what is 120 + 1433?
2103
In base 4, what is 2220133100 - -10?
2220133110
In base 14, what is -159 - -23?
-136
In base 14, what is -b - -7036a?
7035d
In base 3, what is -20110211100 + 11?
-20110211012
In base 8, what is 4 + 131055?
131061
In base 8, what is 1 - 330337?
-330336
In base 10, what is 41867 + 3?
41870
In base 16, what is 167d7 - f?
167c8
In base 5, what is -2 + 2033003?
2033001
In base 11, what is 4 + 2782?
2786
In base 3, what is 2001110200 - 20102?
2001020021
In base 6, what is 121400 - -13?
121413
In base 5, what is -101 + -122241?
-122342
In base 5, what is -14021 + 4?
-14012
In base 15, what is -69b48 - 5?
-69b4d
In base 16, what is 51537 - -3?
5153a
In base 9, what is -773155 - 4?
-773160
In base 15, what is -4d + 281b?
27bd
In base 3, what is -202112221 + 1012?
-202111202
In base 5, what is 22110241 + -12?
22110224
In base 3, what is 10100002 - 20020?
10002212
In base 3, what is 21210 - 20121?
1012
In base 3, what is 0 + -12101111210?
-12101111210
In base 2, what is -111 - 10010110000110?
-10010110001101
In base 7, what is -63515245 + 5?
-63515240
In base 10, what is -6 + 43987?
43981
In base 6, what is 114 + -232511?
-232353
In base 15, what is 4 + 2e6?
2ea
In base 10, what is 1545 + -212?
1333
In base 10, what is -43 + 416?
373
In base 5, what is -11241243 - -1?
-11241242
In base 16, what is -1405 + -4?
-1409
In base 15, what is 2182 - -8?
218a
In base 9, what is -42 - -380?
337
In base 3, what is -2011 - 1201000?
-1210011
In base 10, what is 0 - -13684?
13684
In base 13, what is -15 + 128a?
1275
In base 15, what is -36 - 249a?
-24d1
In base 9, what is -4513 - -3?
-4510
In base 5, what is 0 - 20222?
-20222
In base 9, what is 1 - 16733?
-16732
In base 13, what is 167 - -95?
22c
In base 9, what is 34 - -5361?
5405
In base 4, what is -1 + 120310213?
120310212
In base 12, what is -1a991 - 7?
-1a998
In base 16, what is 4 - -318a?
318e
In base 8, what is -4 - 2670215?
-2670221
In base 3, what is -1010102212 - 101?
-1010110020
In base 8, what is -34532 + 36?
-34474
In base 9, what is -54 + 24604?
24540
In base 2, what is -1100111101010 - -100?
-1100111100110
In base 4, what is -1 - 1313?
-1320
In base 4, what is -113311001 + 10?
-113310331
In base 11, what is 1688511 + -5?
1688507
In base 16, what is -2a + 3b4a?
3b20
In base 10, what is 9291 - -1?
9292
In base 16, what is -1c - -aeb?
acf
In base 14, what is -16 - 460?
-476
In base 4, what is 2 + 123003231?
123003233
In base 8, what is 4 - -116320?
116324
In base 8, what is -2451 - -4546?
2075
In base 4, what is -323300 - -21?
-323213
In base 8, what is 3 - 270350?
-270345
In base 15, what is 5020 + 0?
5020
In base 7, what is -2 - -144623?
144621
In base 2, what is 0 - -10111011110100?
10111011110100
In base 9, what is -6800 - 20?
-6820
In base 4, what is -22 - 2103303?
-2103331
In base 9, what is -1353 - 47?
-1411
In base 15, what is -da - -1ca?
e0
In base 14, what is 4 - -18363?
18367
In base 2, what is -1011001010101 - -10?
-1011001010011
In base 10, what is 143 - -533?
676
In base 4, what is -11230 - -102100?
30210
In base 6, what is 534144 - -4?
534152
In base 12, what is 3829 - -2?
382b
In base 12, what is 1b84 + 5?
1b89
In base 3, what is 20111101 - -101?
20111202
In base 16, what is -14c75 - 1?
-14c76
In base 7, what is -1216 - -10053?
5534
In base 14, what is 29 - cdd?
-cb4
In base 9, what is 3655 + -12?
3643
In base 6, what is 102 + 22502?
23004
In base 16, what is -19f + -144?
-2e3
In base 10, what is -3137 - 26?
-3163
In base 10, what is 46 - -1509?
1555
In base 8, what is 174677 + 27?
174726
In base 10, what is 29 - 745?
-716
In base 14, what is 61 - 97?
-36
In base 14, what is 13b81d - 0?
13b81d
In base 8, what is 150113 - 0?
150113
In base 4, what is 0 - -21333200?
21333200
In base 2, what is -101 - -11000111100100101010?
11000111100100100101
In base 11, what is -4 + -55040?
-55044
In base 6, what is 102121204 + 1?
102121205
In base 8, what is -7 - 2734?
-2743
In base 6, what is -4 + -4020132?
-4020140
In base 10, what is 11 - 3454?
-3443
In base 3, what is 2112120212 - -1110?
2112122022
In base 15, what is -5 - 9592?
-9597
In base 12, what is -16 - 2140?
-2156
In base 6, what is -530350 - 5?
-530355
In base 5, what is -413012111 - -10?
-413012101
In base 4, what is -301121 - 12013?
-313200
In base 4, what is 212 - 32300?
-32022
In base 14, what is -1 + 12768?
12767
In base 16, what is 1d + 21e?
23b
In base 2, what is -101000110000010 + -11100?
-101000110011110
In base 4, what is -10 - -12311102?
12311032
In base 14, what is -22 + 153d?
151b
In base 10, what is -292 + -179?
-471
In base 10, what is 11 - -864?
875
In base 9, what is -112 + 1340?
1227
In base 8, what is -77 - -2313?
2214
In base 3, what is -10110 - 2101?
-12211
In base 6, what is 52 - -232354?
232450
In base 13, what is 23347 + b?
23355
In base 16, what is 10af + -1b?
1094
In base 12, what is -48 + -268?
-2b4
In base 15, what is -324 - -1b3?
-161
In base 12, what is -122 + -941?
-a63
In base 3, what is 20002 - 211?
12021
In base 5, what is 4 + -24300013?
-24300004
In base 7, what is -22 - -6433?
6411
In base 7, what is 254 - 51333?
-51046
In base 9, what is 23 - -401?
424
In base 13, what is -4 + -a3b4?
-a3b8
In base 5, what is -4041123 - -100?
-4041023
In base 13, what is 933c - -4?
9343
In base 14, what is -222 + 77a?
558
In base 11, what is 0 + -4a42a6?
-4a42a6
In base 8, what is 1 + -2660?
-2657
In base 13, what is 6 + -707b6?
-707b0
In base 6, what is -2 - 15234?
-15240
In base 3, what is 2 - 122200220?
-122200211
In base 3, what is -2212000002111 - 1?
-2212000002112
In base 13, what is -4b - 2a7?
-325
In base 8, what is 753 - 24?
727
In base 13, what is -2 + 7352?
7350
In base 12, what is 17b863 + -3?
17b860
In base 16, what is -5 + 